**2 - 2*j. Let a be v(-4). Let s = a + -10. What is the units digit of s?
4
Let s(i) = -i**3 - 10*i**2 + i + 13. Let b be s(-10). Let h = b + 4. What is the units digit of h?
7
Let b = 213 - 101. What is the hundreds digit of b?
1
Suppose 99 = -0*q + 3*q. Suppose 0 = -5*l - 15, 2*l - 20 = 2*t - 2*l. Let v = q + t. What is the units digit of v?
7
Suppose 0 = -16*i + 1371 + 485. What is the units digit of i?
6
Let z(j) = j**2 - 5*j + 3. Let y be z(4). What is the units digit of -1 - 4/(2*y)?
1
Let i(m) = -m**3 + 10*m**2 - 2*m - 10. Let r be i(10). Let j = -9 - r. What is the units digit of j?
1
Let m(g) = 3 - g + 2 - 4 + 0*g. What is the units digit of m(0)?
1
Suppose -13 = d - 71. What is the tens digit of d?
5
Suppose -2*o + 2*s + 139 = 5*s, -2*o + s + 119 = 0. Let z = o + -27. Suppose -3*l + z = 2*l. What is the units digit of l?
7
Suppose 17*z - 16*z = 215. What is the units digit of z?
5
Suppose 0 = o - 3*p - 17, 3*o - o - 5*p - 34 = 0. What is the units digit of o?
7
Let h(y) = y**3 + 6*y**2 - 6*y + 6. What is the tens digit of h(-6)?
4
Suppose -10 = -5*z, 0 = 3*p - 8*p + 5*z + 195. Suppose 5*h + 4*u = 50 + p, -4*u - 44 = -4*h. What is the units digit of ((-16)/(-10))/(6/h)?
4
Let c(u) = -u**3 + 4*u**2 + 9*u - 3. What is the units digit of c(5)?
7
Suppose 23 + 12 = d. What is the tens digit of d?
3
What is the tens digit of (-125)/(-5) + (1 - -1)?
2
Suppose 2*k - 3*h = k + 16, -3*h = 2*k - 5. Let z = k + -3. Let n(b) = b + 1. What is the units digit of n(z)?
5
Let y = 37 + -16. What is the units digit of y?
1
Let u be ((-25)/10)/(2/(-4)). Let q = 6 - u. What is the units digit of q?
1
What is the tens digit of (1 + -39)/((-10)/15)?
5
Let t be ((-55)/10)/((-2)/4). Let j = 0 + t. What is the tens digit of j?
1
Let y = 42 + -27. What is the tens digit of y?
1
Let o(h) = h**2 + 2*h - 5. Let t be -2*(-1 + 2 + 1). Let x be o(t). Suppose 4*d - 1 = -2*a - 3, d + 25 = x*a. What is the units digit of a?
7
Suppose o - 2*d - 35 = 0, d + 0*d = 2*o - 55. Let p = -11 - -6. What is the units digit of (-48)/p + 10/o?
0
What is the units digit of (-660)/(-18) - 4/6?
6
Let a(z) = z**3 + 10*z**2 - 11*z. Let s be a(-11). Suppose s = -5*o + 104 + 11. What is the units digit of o?
3
Let i(y) = y**3 + 5*y**2 + 5*y + 5. Let r be i(-6). Let u = -43 - r. What is the units digit of u?
8
Let j = -1 - -7. Suppose 2*x - s + 48 = j*x, -4*s - 68 = -4*x. What is the tens digit of x?
1
Suppose -3*s + 5 = -1. Suppose s*c + c = 0. Suppose q = -c*q + 6. What is the units digit of q?
6
Suppose z + 2 = 6. Let f(t) = 3*t**2 - t**2 - z + t**3 - 4*t + 1. What is the units digit of f(-2)?
5
Let h be 4/6*27/6. Let k be (-4)/6 + 5/h. What is the units digit of (k/(-2))/((-2)/32)?
8
Let k be ((-2)/(-4))/(5/40). Suppose -11 = -3*h + k*r, 0*h - 7 = h - 4*r. What is the units digit of h?
9
Let a be (-2)/(-3) + 105/45. Let o(h) = h**3 - 4*h**2 + 5*h - 4. What is the units digit of o(a)?
2
Suppose 39 = 2*m + a, 29 = 5*m - 2*a - 55. Let v = m + -6. Suppose 0*k - v = -2*k. What is the units digit of k?
6
Let l(r) = -5*r + 1. Let t = 4 - 6. What is the units digit of l(t)?
1
Suppose -3*m + 18 = 6. Suppose 3*j = -2*s + j + 12, 0 = -s + j + m. What is the units digit of s?
5
Let z(u) = u**3 - 4*u**2 - 5*u + 6. Let f be z(5). Let i = f + 1. What is the units digit of i?
7
What is the tens digit of (-97)/(-2) - (-2)/(24/(-18))?
4
Let c = 11 + -11. Suppose 3*q - 72 + 0 = c. What is the units digit of q?
4
Let j = 108 + -90. What is the units digit of j?
8
Let y(w) = w**3 + 10*w**2 - 3*w - 11. Let i be y(-10). Suppose 3*h + i - 76 = 0. What is the units digit of h?
9
Let q be (-4)/8*(-34)/1. Suppose 0*m = 3*x + m - q, 0 = 3*x + 5*m - 37. What is the units digit of x?
4
Suppose -3*i = -u + 378, -6*u + 11*u - 1912 = 4*i. What is the units digit of u?
4
What is the units digit of 95 + 1/(-2)*2?
4
Let r = 7 + 20. Suppose -5*z = 3*v - 79, -v - r = -3*z + 12. What is the units digit of (-10)/35 + 32/z?
2
What is the tens digit of (1780/(-15))/(8/(-3) + 2)?
7
What is the units digit of 2/4*1*2*37?
7
Let y = -14 - -9. Let j(p) = 2*p**2 + 2*p - 1. Let r be j(y). Suppose -r = -4*a + a. What is the units digit of a?
3
What is the tens digit of (-6)/10 + 774/15?
5
Suppose 4*i - 226 = -3*p, 4*p + 8 = -0*p. What is the units digit of i?
8
Let c = -52 - -82. What is the units digit of c?
0
Suppose -24 = -4*a - 0. Let m = a - 1. Suppose -3*n - 16 = -m*g + 7, 0 = -g + 4*n - 9. What is the units digit of g?
7
Suppose 5*t + g + 3*g - 86 = 0, 3*t = -3*g + 54. What is the tens digit of t?
1
Suppose -4*q + 179 + 161 = 0. What is the units digit of (28/(-35))/((-2)/q)?
4
Suppose -158 - 187 = -5*v. What is the tens digit of v?
6
Let s(p) = p**2 - 5*p + 1. What is the units digit of s(-4)?
7
What is the hundreds digit of (72/5)/(1/15)?
2
Let b(o) = 3*o. What is the units digit of b(3)?
9
Suppose 192 = -2*c + 982. What is the hundreds digit of c?
3
Let z be 3/(-4) + (-21)/(-28). Suppose -n = -z - 3. Suppose -5*t = -5*k + 65, -10 = -k + 4*t - n. What is the tens digit of k?
1
Suppose -4*h = -106 + 14. What is the tens digit of h?
2
Let q = -14 - -21. Suppose 4*l - 5*m = -12, -m - 15 = 5*l - 3*m. Let y = l + q. What is the units digit of y?
4
Let j = 23 - 36. Let z = -10 - j. What is the units digit of z?
3
Suppose 2 - 17 = -3*x. Suppose x*r = 5 + 5. Suppose 0 = 4*m + h - 4, -2*m - 2*h + r = 3*h. What is the units digit of m?
1
Suppose q + 3 = -2. Let y(k) = k**3 + 6*k**2 + 3*k - 3. What is the units digit of y(q)?
7
Suppose -17 = -4*o - 5. Let k = -3 + 4. Let z = o - k. What is the units digit of z?
2
Let q(k) = 17*k**2 + 4*k + 7. What is the units digit of q(-3)?
8
Let k be (4*3/(-1))/(-1). Let g = k - 5. What is the units digit of g?
7
Suppose 3*h - 10*h + 147 = 0. What is the tens digit of h?
2
Suppose 0 = -6*b + b + 10. Let j(h) = -2 + 5*h - 5 + 4. What is the units digit of j(b)?
7
Suppose 5*t - 3*b = 488 + 327, -5*b - 639 = -4*t. What is the hundreds digit of t?
1
Suppose 0*f = -2*p - 4*f + 8, -9 = 3*f. What is the tens digit of p?
1
Suppose m - 8 = -m. Let v be (13 - 7)*1/2. Let k = v + m. What is the units digit of k?
7
Let n = -3 - -26. What is the units digit of n?
3
Let z = 31 + -16. Let p(d) = -d + 3. Let i be p(-6). Let k = z - i. What is the units digit of k?
6
Suppose 0 = -6*d + 4*d + 324. What is the hundreds digit of d?
1
Let j(l) be the first derivative of -l**4/2 - 5*l**3/3 + l**2 - 4*l - 6. What is the tens digit of j(-4)?
3
Let n(l) = 5*l + 3. Let f(p) = 4*p + 2. Let u(i) = -6*f(i) + 5*n(i). Let c be 0/(2 + 4/(-4)). What is the units digit of u(c)?
3
Suppose -5*s = 5*w + 5, -s + 4*w + 11 - 2 = 0. Let r be (s - 2 - -6) + -3. Suppose 20 = -4*j, 0*y + j - 31 = -r*y. What is the tens digit of y?
1
Let h(t) = -t**3 + 4*t**2 - 2*t - 2. Let f be h(3). Suppose -3*o - 4 = -d, o - 2 = -4*d + f. Let p = 5 + o. What is the units digit of p?
4
Suppose 46 = 2*d - 2*q, -5*d - q = -23 - 62. Suppose -j + 7 + d = 0. What is the tens digit of j?
2
Let k(v) = 230*v**2 + 3*v + 2. What is the units digit of k(-1)?
9
Suppose -3*z - b + 118 = 0, 2*z - 3*b - 220 = -3*z. What is the units digit of z?
1
Let j = 24 + -12. What is the units digit of ((-4)/4)/((-2)/j)?
6
Let y(a) = 4*a**3 + 4*a**2 + a - 3. Let q(w) = -w**3 - w + 1. Let b(l) = -5*q(l) - y(l). Let m be ((-18)/(-24))/((-2)/(-8)). What is the units digit of b(m)?
1
Let r = -241 - -344. What is the tens digit of r?
0
Let o(a) = a - 1. Let j(g) = 2*g**2 + 4*g - 1. Let b be 14/(-4) + 4/8. Let u be j(b). What is the units digit of o(u)?
4
Suppose -4*d + 0*d = -12. Suppose 0 = w + d*a + 2, 2*a - 3*a + 10 = 3*w. What is the units digit of w?
4
Suppose l + 3*t + 7 = -0*l, -18 = -2*l + 2*t. Let z(g) = g**3 - 5*g**2 + 4*g + 7. Let x be z(l). Suppose 0 = -2*r + 5*r - x. What is the units digit of r?
9
Let g(z) = 27*z**3 + 2*z**2 - 1. What is the units digit of g(1)?
8
Let n(i) = -3*i**2 + 3*i + 3. Let h be n(-3). Let v = h + 48. What is the units digit of v?
5
Suppose 12 = 7*r - 4*r. Suppose 2*b = r*q, -60 = b - 6*b - 2*q. What is the tens digit of b?
1
Let v(j) = 55*j**2 + j. What is the tens digit of v(-1)?
5
Suppose 0 = x + 2 - 10. Let i = x + 21. What is the units digit of i?
9
Let i = -6 + 25. Suppose -3*s = -o - 7, 4*o - o + s = i. What is the units digit of o?
5
Suppose